9 is divided by 13?
7
What is the remainder when 86305923 is divided by 1857?
1848
Calculate the remainder when 3008361 is divided by 1504075.
211
Calculate the remainder when 350884 is divided by 4128.
4
What is the remainder when 144794 is divided by 12063?
38
What is the remainder when 203445 is divided by 6157?
264
Calculate the remainder when 79886267 is divided by 4588.
11
Calculate the remainder when 139748 is divided by 69022.
1704
Calculate the remainder when 10437306 is divided by 36.
6
What is the remainder when 127235 is divided by 2217?
866
Calculate the remainder when 7462641 is divided by 35.
11
What is the remainder when 535833 is divided by 2602?
2423
Calculate the remainder when 599333 is divided by 39.
20
Calculate the remainder when 77758 is divided by 878.
494
Calculate the remainder when 161431267 is divided by 1001.
998
What is the remainder when 983350 is divided by 983319?
31
What is the remainder when 3157195 is divided by 1578591?
13
What is the remainder when 5075212 is divided by 458?
114
Calculate the remainder when 490891 is divided by 825.
16
Calculate the remainder when 426120 is divided by 106422.
432
Calculate the remainder when 1112272 is divided by 158895.
7
Calculate the remainder when 5164367 is divided by 66.
65
What is the remainder when 48680 is divided by 2863?
9
What is the remainder when 293752 is divided by 144863?
4026
What is the remainder when 22261 is divided by 438?
361
What is the remainder when 125697 is divided by 2675?
2647
What is the remainder when 11086815 is divided by 66388?
19
Calculate the remainder when 267257 is divided by 288.
281
What is the remainder when 8859716 is divided by 47?
28
What is the remainder when 1191785 is divided by 4737?
2798
What is the remainder when 4932092 is divided by 704583?
11
What is the remainder when 324619 is divided by 106434?
5317
What is the remainder when 8250609 is divided by 434241?
30
What is the remainder when 3687 is divided by 311?
266
What is the remainder when 715521 is divided by 119253?
3
Calculate the remainder when 32434 is divided by 34.
32
What is the remainder when 3015649 is divided by 3303?
10
Calculate the remainder when 7040042 is divided by 7.
2
What is the remainder when 3802054 is divided by 130?
74
What is the remainder when 100404 is divided by 33408?
180
Calculate the remainder when 23582 is divided by 11699.
184
Calculate the remainder when 1361573 is divided by 453740.
353
What is the remainder when 70001977 is divided by 79?
77
What is the remainder when 88068 is divided by 3030?
198
What is the remainder when 5677500 is divided by 116?
112
What is the remainder when 284654 is divided by 3618?
2450
What is the remainder when 608272 is divided by 278?
8
What is the remainder when 293780 is divided by 46?
24
Calculate the remainder when 5065159 is divided by 35923.
16
Calculate the remainder when 530983529 is divided by 31.
29
What is the remainder when 1147691 is divided by 364?
363
Calculate the remainder when 69628 is divided by 23205.
13
What is the remainder when 18448487 is divided by 8?
7
What is the remainder when 24186107 is divided by 65?
62
Calculate the remainder when 4031000 is divided by 29210.
20
What is the remainder when 2126224 is divided by 132?
100
Calculate the remainder when 127594 is divided by 1070.
264
What is the remainder when 81689399 is divided by 975?
974
Calculate the remainder when 2023571 is divided by 5605.
166
What is the remainder when 44608483 is divided by 8463?
10
What is the remainder when 1672114 is divided by 53939?
5
What is the remainder when 871521 is divided by 7643?
219
Calculate the remainder when 3737860 is divided by 127.
123
Calculate the remainder when 1803548 is divided by 601.
548
What is the remainder when 9841059 is divided by 20?
19
Calculate the remainder when 957735120 is divided by 7511.
7510
Calculate the remainder when 86436 is divided by 6414.
3054
What is the remainder when 22819781 is divided by 3253?
3239
What is the remainder when 911222 is divided by 455602?
18
What is the remainder when 182075 is divided by 3310?
25
Calculate the remainder when 94468 is divided by 31034.
1366
What is the remainder when 431279 is divided by 1195?
1079
What is the remainder when 1251680 is divided by 1251666?
14
What is the remainder when 367610 is divided by 2683?
39
Calculate the remainder when 1591425 is divided by 8889.
294
Calculate the remainder when 119538446 is divided by 240520.
6
What is the remainder when 58316113 is divided by 127?
126
What is the remainder when 51805 is divided by 12447?
2017
What is the remainder when 383990 is divided by 34907?
13
Calculate the remainder when 623583 is divided by 3468.
2811
What is the remainder when 3094703 is divided by 762?
221
What is the remainder when 82652615 is divided by 131?
130
What is the remainder when 231428 is divided by 2244?
296
What is the remainder when 20119516 is divided by 1892?
1880
Calculate the remainder when 411184 is divided by 991.
910
What is the remainder when 1130785 is divided by 13461?
61
Calculate the remainder when 51967154 is divided by 157.
154
Calculate the remainder when 219366 is divided by 1193.
1047
What is the remainder when 195936808 is divided by 200?
8
Calculate the remainder when 361431 is divided by 164.
139
What is the remainder when 4089547 is divided by 33248?
43
Calculate the remainder when 941185 is divided by 313168.
1681
Calculate the remainder when 223011 is divided by 2346.
141
Calculate the remainder when 82963 is divided by 16560.
163
What is the remainder when 40010 is divided by 274?
6
What is the remainder when 37104331 is divided by 77462?
33
What is the remainder when 203773 is divided by 22601?
364
Calculate the remainder when 46050858 is divided by 285.
273
What is the remainder when 3705924 is divided by 1512?
12
Calculate the remainder when 20003479 is divided by 5000867.
11
What is the remainder when 510011 is divided by 7762?
5481
What is the remainder when 33702300 is divided by 5617050?
0
Calculate the remainder when 3682968 is divided by 1659.
1647
What is the remainder when 29016777 is divided by 525?
27
Calculate the remainder when 282571 is divided by 39918.
3145
Calculate the remainder when 198763649 is divided by 391.
363
Calculate the remainder when 469586 is divided by 1183.
1118
Calculate the remainder when 56032 is divided by 55059.
973
Calculate the remainder when 324567022 is divided by 5438.
5430
What is the remainder when 12894205 is divided by 61?
25
What is the remainder when 51542 is divided by 24111?
3320
Calculate the remainder when 87263 is divided by 86758.
505
What is the remainder when 1753151 is divided by 1961?
17
Calculate the remainder when 318040 is divided by 5390.
30
What is the remainder when 46621 is divided by 190?
71
What is the remainder when 1089277 is divided by 272197?
489
Calculate the remainder when 83357 is divided by 16529.
712
What is the remainder when 204916446 is divided by 248?
246
Calculate the remainder when 16736 is divided by 8328.
80
What is the remainder when 2031344403 is divided by 3159?
3156
What is the remainder when 212014 is divided by 397?
16
What is the remainder when 111610022 is divided by 2826?
2804
Calculate the remainder when 3531049 is divided by 5466.
13
What is the remainder when 73199811 is divided by 42361?
3
What is the remainder when 64793 is divided by 16?
9
What is the remainder when 149841 is divided by 48853?
3282
Calculate the remainder when 1135291 is divided by 694.
601
Calculate the remainder when 1301285 is divided by 1540.
1525
What is the remainder when 763911998 is divided by 20?
18
What is the remainder when 23896295 is divided by 47?
38
Calculate the remainder when 3406679611 is divided by 1022.
1021
What is the remainder when 38156 is divided by 1275?
1181
What is the remainder when 2989328 is divided by 801?
797
What is the remainder when 577078 is divided by 192359?
1
Calculate the remainder when 11318117 is divided by 116.
113
What is the remainder when 2028890 is divided by 1014393?
104
What is the remainder when 170907 is divided by 3726?
3237
Calculate the remainder when 4887233 is divided by 50908.
65
Calculate the remainder when 1457687 is divided by 10